uppose 0 = 2*m + 2*m - 3*z - 48473, -5*m - 7*z + 60516 = 0. What is the thousands digit of m?
2
Let u = 27230 + 11711. What is the hundreds digit of u?
9
What is the hundreds digit of 14356 + (-1)/2*(-162)/(-9)?
3
Let v(i) = i**2 - 19*i + 7. Let w be (-4)/(-6) + (-55)/(-3). Let r be v(w). What is the units digit of (72/(-42))/(((-1)/r)/1)?
2
Suppose 5*v - 18*v = 0. Suppose -2*y - 8964 = 3*b - 8*b, -3*b + 3*y + 5382 = v. What is the hundreds digit of b?
7
Suppose -3*k = -3*n + 21, 2*k = n - 2*k - 16. Suppose 0*w + 244 = w + 5*s, -1191 = -5*w + n*s. What is the hundreds digit of w?
2
Suppose 116423 = 94*l - 43*l + 6365. What is the hundreds digit of l?
1
Let q be (0/(-2))/(-3) + (-13 - -1143). Suppose t - q = -t. What is the units digit of t?
5
Let i = -23 + 24. Let j(o) = 6*o**2 + o - 2. Let r be j(i). Suppose -45 = -a + 4*n - 3*n, -4*a - r*n = -225. What is the units digit of a?
0
Suppose 5*r - 20 = 0, -23 = -c + 4*r - 3*r. Let q = c + -12. Let z(m) = -m**3 + 16*m**2 - 7*m + 13. What is the units digit of z(q)?
3
Let v(d) = -4*d**3 + 34*d**2 - 10*d + 19. Let x be v(8). Let h = 39 - 63. Let z = x + h. What is the tens digit of z?
4
Let t be (28/6)/(-7) - 11/(-3). Suppose 2*r + 6*s - 15 = 3*s, r = 3*s + t. What is the hundreds digit of 128/10*60/r?
1
Suppose 16404 - 4264 = 2*x - 41984. What is the hundreds digit of x?
0
Let x = 4684 + 6634. What is the thousands digit of x?
1
Suppose -u = y - 5133, -15381 = -3*u + 4*y - y. What is the thousands digit of u?
5
Let v(n) = n**3 - 6*n**2 + 6*n - 5. Let i be v(5). Let a = 1106 - 1103. Suppose 13 = -3*s + h + 193, -3*s + a*h + 186 = i. What is the tens digit of s?
5
Suppose 30*j - 63*j + 1153593 + 16521 = 0. What is the ten thousands digit of j?
3
What is the thousands digit of -6 + 2125 - ((-14)/21 + (-28)/(-6))?
2
Let q = 8368 + -8365. Let s(g) = -2*g - 2. Let i be s(-2). Suppose q*b - 5*d = b + 302, -i*b - 2*d + 288 = 0. What is the hundreds digit of b?
1
Let r(t) = 6*t**2 - 3*t. Let p(n) = -n + 6. Let s be p(2). Suppose s*k = -4*m, -4 + 16 = -m - 4*k. What is the units digit of r(m)?
4
Let q(x) = 82*x**2 + 3*x - 2. Let p(d) be the second derivative of -d**4/12 - 4*d**3/3 + d**2/2 + 14*d. Let m be p(-8). What is the units digit of q(m)?
3
Let f be (584/12)/(2/(-6)). Let g = -84 - f. Suppose -5*l + 4*w = -120, -3*l - 5*w = -47 - g. What is the units digit of l?
8
What is the thousands digit of (33/(-132))/(3/4) + 16030/3?
5
Let d(a) = 36*a - 27. Let p be d(-12). Let t = p - 106. What is the units digit of 1/(1 - -1 - t/(-285))?
7
Suppose 5*k + 0*k - 11 = -4*o, -2*o = -3*k - 11. Suppose -o*w - 2*d - 336 = 454, 3*w + d + 591 = 0. Let t = 331 + w. What is the units digit of t?
5
Suppose -3*k + 91 = 2*w, -3*k + 95 = -6*w + 4*w. Let i(l) = l**3 - 32*l**2 + 63*l - 110. What is the units digit of i(k)?
2
Let w(k) = 111*k - 117*k - 21 - 15. Let i be w(-8). Suppose 3*f = -i, 3*t - 650 = 4*f - 85. What is the units digit of t?
3
What is the ten thousands digit of 111*343 + -31 + (11 - -20)?
3
Suppose 8*o = -3 + 35. Suppose 512 = o*s - x + 5*x, -3*s + x = -368. What is the hundreds digit of s?
1
Let b be 3 + 0 + 0 + 1. Suppose -2*c - 2*c = -972. Suppose 0 = -4*p - 4*s - s + 178, -5*p + c = -b*s. What is the units digit of p?
7
Let z(i) = 2*i + 57. Let m be z(-24). Let n(b) = b**2 + 4*b + 16. What is the units digit of n(m)?
3
Let t be (2 - -4) + (-4 - -1). Let a(b) = -40 - t*b + 45 + 24 - 10*b. What is the units digit of a(-5)?
4
Let i(a) = -a**2 - 7*a + 48. Let c be i(-11). Suppose -513 = -c*q - 5*q. What is the units digit of q?
7
Suppose -5*v - 3*v = 0. Suppose v = -10*c + 4*c + 5520. What is the hundreds digit of c?
9
What is the ten thousands digit of (38/(2128/(-588)))/(3/(-6470))?
2
Let v = 64569 + 2111. What is the hundreds digit of v?
6
Let f = 7092 - 2201. What is the thousands digit of f?
4
What is the hundreds digit of 10/(-6)*(-192033)/57?
6
Suppose 4*k + 35708 = 4*h, 5*h - 108*k - 44563 = -112*k. What is the units digit of h?
9
Let f(b) = -110*b - 66. Let g be f(-6). Suppose 0 = -s + 2*a + 467, 4*a = -2*s + g + 340. What is the units digit of s?
7
Suppose -21 = 45*v - 46*v. Suppose 0 = 7*d - 10*d + v. Suppose -d*b + 1280 = b. What is the tens digit of b?
6
Suppose 0*z = -2*z + 168. Suppose j - 66 = -4*f, -f - z + 363 = 4*j. Let c = 8 + j. What is the tens digit of c?
7
Let d(a) = -36*a - 8. Suppose -53 = 5*f - 18. What is the hundreds digit of d(f)?
2
Suppose 10*q = 8*q + 2*i + 42, 4*q - 79 = 3*i. What is the tens digit of 155/2*q/20?
6
Let y(m) = -m**3 - 5*m**2 - 2*m - 4. Let l be y(-5). Let x be 10/(-5)*15*-4. Suppose 18 = l*q - x. What is the tens digit of q?
2
Let v be 6*(-2 - (10*73)/(-2)). Suppose -7*x + v = -x. Let o = -250 + x. What is the tens digit of o?
1
Suppose -2*n + 9091 = 5*h, -4*h = -1 - 3. What is the hundreds digit of n?
5
Let c(n) be the third derivative of n**4/12 + 89*n**3/6 + 2*n**2 - 6*n. What is the tens digit of c(23)?
3
Let x(s) = -2*s**2 + 7*s - 8. Let l = -34 - -47. Let w be x(l). Let r = -133 - w. What is the units digit of r?
2
Suppose -r = f - 3608, f - r - 1057 = 2551. Let t = f - 2158. What is the thousands digit of t?
1
Suppose 3*j = -j. Let b(w) = -15*w - w**2 + w**3 + 10*w + 7*w + 14 - 6. What is the units digit of b(j)?
8
Let i be (-129)/(-129)*3*(-2)/(-3). What is the tens digit of 379 - (i/8)/((-15)/60)?
8
Suppose 3*i = 5*i + 430. Let t = -43 - i. What is the units digit of (5/10)/(2/t)?
3
Suppose -3*d = -4*b + 26, 9 = 4*b - 2*d - 15. Suppose m = 3*m - 2*s - 528, 3*m - b*s - 802 = 0. What is the hundreds digit of m?
2
Let m(g) = 5*g**3 - 10*g**2 - 30*g + 38. What is the tens digit of m(10)?
3
Let h = 23696 - -6364. What is the ten thousands digit of h?
3
Let i be (7/14)/(1/244). Let p = -27 + i. What is the units digit of p?
5
Suppose -8*x - 26806 = -156894. What is the tens digit of x?
6
Suppose 113*w = 35625 + 700457. What is the hundreds digit of w?
5
Suppose -3*i = -f + 605, 5*i - 664 = -5*f + 2441. Let p = f - 275. Suppose 0 = -4*j - 12, -j = 3*a - 5*j - p. What is the tens digit of a?
1
Let y = -96961 + 136818. What is the tens digit of y?
5
Let v = 38 - 50. Let y = 71 + v. Let b = y + -33. What is the tens digit of b?
2
Suppose -4*r + 19*l + 2388 = -3*r, -r + 2451 = 2*l. What is the tens digit of r?
4
What is the hundreds digit of (2/5)/(4/8709*(-108)/(-360))?
9
Let k = 345 + -341. Suppose -k*y + 4720 = 4*y. What is the units digit of y?
0
Suppose 2*o - g = 8702, -64*o - 3*g = -61*o - 13044. What is the hundreds digit of o?
3
Suppose -733968 = -89*o - 19*o. What is the tens digit of o?
9
Let f be 14/(-21)*((-242)/4 - 1). Let x = 79 + -42. Let j = f - x. What is the units digit of j?
4
Suppose 0 = r - 7 - 11. Let k = -7 + r. Suppose -68 = 7*f - k*f. What is the units digit of f?
7
What is the thousands digit of (69486/30)/((-17)/(-85))?
1
What is the hundreds digit of ((-87544)/10)/(390/50 - 8) - 0?
7
Let d = -187 + 528. Let c = d + -151. What is the units digit of c?
0
Suppose 4*h + 2*g - 236 = 0, 0 = 9*h - 14*h + 2*g + 313. Let a = -60 - -98. Let z = h - a. What is the units digit of z?
3
Let k be ((-4)/(-10))/(2/40). Let l(n) = -9*n + 434*n**2 - 242*n**2 - 2 - 187*n**2. What is the tens digit of l(k)?
4
Let f = 12 - 30. Let r(g) = -2*g - 32. Let i be r(f). Suppose m + 14 = -i*o + 358, -3*m = -2*o + 172. What is the units digit of o?
6
Let f be (-6)/(-9) - (-220395)/9. Suppose 19*o = 46*o - f. What is the hundreds digit of o?
9
Suppose 0 = 647*k - 649*k + 246. Suppose -5*t + h = -1034, k = -t + h + 333. What is the hundreds digit of t?
2
Let z(n) = -n**3 - 6*n**2 - 11*n - 4. Let a be z(-4). Suppose -9*m - 28 = -a*m. Let i = m + 140. What is the hundreds digit of i?
1
Let a(g) = -g**3 - 2*g + 5. Let j be a(0). Let b(f) = 2*f - 8. Let t be b(j). Suppose -4*q - 3*y = -317, 2*q + 7*y - 155 = t*y. What is the units digit of q?
0
Suppose -87*j + 86*j = 4*v - 38638, 4*v - 115946 = -3*j. What is the units digit of j?
4
Suppose 5*a + 15208 = 5*n - 31852, 4*n - 37645 = 5*a. What is the tens digit of n?
1
Suppose 2*g = -r + 6752, -3*r + 271*g - 267*g + 20206 = 0. What is the thousands digit of r?
6
Let i(t) = 2053*t**2 + 80*t + 233. What is the units digit of i(-3)?
0
Let h(i) = i**3 - i**2 + i. Let d(t) = -24*t**3 + 13*t**2 - 10*t + 5. Let u(y) = -d(y) - 